{"id":218755,"date":"2026-04-22T13:51:29","date_gmt":"2026-04-22T11:51:29","guid":{"rendered":"https:\/\/agatunet.no\/program_\/utstillingsopning-og-konsert\/"},"modified":"2026-04-24T13:33:59","modified_gmt":"2026-04-24T11:33:59","slug":"utstillingsopning-og-konsert","status":"publish","type":"ajde_events","link":"https:\/\/agatunet.no\/en\/program_\/utstillingsopning-og-konsert\/","title":{"rendered":"Utstillingsopning og konsert"},"content":{"rendered":"<h1>Lars Korff Lofthus og Lajla Buer Storli<\/h1>\n<p>Agatunet opnar for sesongen laurdag 9. mai kl 15.00 med ny kunstutstilling av Lars Korff Lofthus og konsert med Lajla Buer Storli. Programmet startar med opning i Asbj\u00f8rnsl\u00f8a og held fram med konsert i Lagmannsstova. Lajla held opningstale.<\/p>\n<h3>Utstillinga<\/h3>\n<p>I Lars Korff Lofthus (f. 1978) sine maleri m\u00f8tast ulike milj\u00f8: hardangerstover med framskap og bondesenger, kraftige mannekroppar og store landskap \u2013 alt m\u00e5la med eit personleg og karakteristisk blikk. Tidlegare m\u00e5la han vestlandslandskapet \u2013 ikkje det nasjonalromantiske, men det vestlandske slik mange kjenner det i dag: gjennomska\u030are av tunnellar, prega av br\u00f8ytestikker og moderne infrastruktur. Etterkvart har Lofthus vendt blikket innover, mot kulturarven fra\u030a Hardanger, og sitt eige skeive tilvere.<\/p>\n<h3>Konserten<\/h3>\n<p>Lajla Storli vaks opp i Kvalvik i Hardanger, men bur no i Revetal i Vestfold. Ho har spelt hardingfele sidan ho var lita jente, og formidlar hovudsakleg sl\u00e5ttar fr\u00e5 Hardanger.\u00a0Lajla er ogs\u00e5 folkesongar, og legg stor vekt p\u00e5 songarven heimanfr\u00e5. Fleire av desse songane og sl\u00e5ttane bruka ho d\u00e5 ho jobba i Agatunet som guide, og ho syns det alltid er noko eige \u00e5 formidla desse tonane i tunet som ligg hjarta hennar n\u00e6rt. Musikken h\u00f8yrer liksom heime der mellom hus og levde liv, seier ho.\u00a0Tonar som har vore med folket f\u00f8r og no, til tr\u00f8yst og til glede. Konserten vert eit\u00a0n\u00e6rt m\u00f8te med strenger og stemme.<\/p>\n<h3>Tunet<\/h3>\n<p>Agatunet held ope fr\u00e5 kl 11 denne dagen. Kafeen er ogs\u00e5 ope.<\/p>\n","protected":false},"author":10,"featured_media":218758,"menu_order":0,"comment_status":"closed","ping_status":"closed","template":"","meta":{"_et_pb_use_builder":"","_et_pb_old_content":"","_et_gb_content_width":"","inline_featured_image":false},"tags":[79,30,420,1291,1699,212,56],"event_type":[20,29],"event_type_2":[23],"class_list":["post-218755","ajde_events","type-ajde_events","status-publish","has-post-thumbnail","hentry","tag-agatunet","tag-konsert","tag-lajla-buer-storli","tag-lars-korff","tag-lars-korff-lofthus","tag-sesongopning","tag-utstilling","event_location-agatunet","event_organizer-agatunet","event_type-arrangement","event_type-konsert","event_type_2-framsida"],"yoast_head":"<!-- This site is optimized with the Yoast SEO plugin v27.0 - https:\/\/yoast.com\/product\/yoast-seo-wordpress\/ -->\n<title>Utstillingsopning og konsert - Agatunet<\/title>\n<meta name=\"description\" content=\"Agatunet opnar for sesongen laurdag 9. mai kl 15, med kunstutstilling av Lars Korff Lofthus og konsert med folkemusikar Lajla Buer Storli.\" \/>\n<meta name=\"robots\" content=\"index, follow, max-snippet:-1, max-image-preview:large, max-video-preview:-1\" \/>\n<link rel=\"canonical\" href=\"https:\/\/agatunet.no\/en\/program_\/utstillingsopning-og-konsert\/\" \/>\n<meta property=\"og:locale\" content=\"en_US\" \/>\n<meta property=\"og:type\" content=\"article\" \/>\n<meta property=\"og:title\" content=\"Utstillingsopning og konsert - Agatunet\" \/>\n<meta property=\"og:description\" content=\"Agatunet opnar for sesongen laurdag 9. mai kl 15, med kunstutstilling av Lars Korff Lofthus og konsert med folkemusikar Lajla Buer Storli.\" \/>\n<meta property=\"og:url\" content=\"https:\/\/agatunet.no\/en\/program_\/utstillingsopning-og-konsert\/\" \/>\n<meta property=\"og:site_name\" content=\"Agatunet\" \/>\n<meta property=\"article:modified_time\" content=\"2026-04-24T11:33:59+00:00\" \/>\n<meta property=\"og:image\" content=\"https:\/\/agatunet.no\/wp-content\/uploads\/2026\/04\/lajla-3.jpg\" \/>\n\t<meta property=\"og:image:width\" content=\"1065\" \/>\n\t<meta property=\"og:image:height\" content=\"1600\" \/>\n\t<meta property=\"og:image:type\" content=\"image\/jpeg\" \/>\n<meta name=\"twitter:card\" content=\"summary_large_image\" \/>\n<meta name=\"twitter:label1\" content=\"Est. reading time\" \/>\n\t<meta name=\"twitter:data1\" content=\"2 minutes\" \/>\n<script type=\"application\/ld+json\" class=\"yoast-schema-graph\">{\"@context\":\"https:\/\/schema.org\",\"@graph\":[{\"@type\":\"WebPage\",\"@id\":\"https:\/\/agatunet.no\/en\/program_\/utstillingsopning-og-konsert\/\",\"url\":\"https:\/\/agatunet.no\/en\/program_\/utstillingsopning-og-konsert\/\",\"name\":\"Utstillingsopning og konsert - Agatunet\",\"isPartOf\":{\"@id\":\"https:\/\/agatunet.no\/en\/#website\"},\"primaryImageOfPage\":{\"@id\":\"https:\/\/agatunet.no\/en\/program_\/utstillingsopning-og-konsert\/#primaryimage\"},\"image\":{\"@id\":\"https:\/\/agatunet.no\/en\/program_\/utstillingsopning-og-konsert\/#primaryimage\"},\"thumbnailUrl\":\"https:\/\/agatunet.no\/wp-content\/uploads\/2026\/04\/lajla-3.jpg\",\"datePublished\":\"2026-04-22T11:51:29+00:00\",\"dateModified\":\"2026-04-24T11:33:59+00:00\",\"description\":\"Agatunet opnar for sesongen laurdag 9. mai kl 15, med kunstutstilling av Lars Korff Lofthus og konsert med folkemusikar Lajla Buer Storli.\",\"breadcrumb\":{\"@id\":\"https:\/\/agatunet.no\/en\/program_\/utstillingsopning-og-konsert\/#breadcrumb\"},\"inLanguage\":\"en-US\",\"potentialAction\":[{\"@type\":\"ReadAction\",\"target\":[\"https:\/\/agatunet.no\/en\/program_\/utstillingsopning-og-konsert\/\"]}]},{\"@type\":\"ImageObject\",\"inLanguage\":\"en-US\",\"@id\":\"https:\/\/agatunet.no\/en\/program_\/utstillingsopning-og-konsert\/#primaryimage\",\"url\":\"https:\/\/agatunet.no\/wp-content\/uploads\/2026\/04\/lajla-3.jpg\",\"contentUrl\":\"https:\/\/agatunet.no\/wp-content\/uploads\/2026\/04\/lajla-3.jpg\",\"width\":1065,\"height\":1600,\"caption\":\"lajla Buer Storli med fela over skuldra.\"},{\"@type\":\"BreadcrumbList\",\"@id\":\"https:\/\/agatunet.no\/en\/program_\/utstillingsopning-og-konsert\/#breadcrumb\",\"itemListElement\":[{\"@type\":\"ListItem\",\"position\":1,\"name\":\"Hjem\",\"item\":\"https:\/\/agatunet.no\/en\/\"},{\"@type\":\"ListItem\",\"position\":2,\"name\":\"Program\",\"item\":\"https:\/\/agatunet.no\/en\/program_\/\"},{\"@type\":\"ListItem\",\"position\":3,\"name\":\"Utstillingsopning og konsert\"}]},{\"@type\":\"WebSite\",\"@id\":\"https:\/\/agatunet.no\/en\/#website\",\"url\":\"https:\/\/agatunet.no\/en\/\",\"name\":\"Agatunet\",\"description\":\"Ein del av Hardanger og Voss museum\",\"publisher\":{\"@id\":\"https:\/\/agatunet.no\/en\/#organization\"},\"potentialAction\":[{\"@type\":\"SearchAction\",\"target\":{\"@type\":\"EntryPoint\",\"urlTemplate\":\"https:\/\/agatunet.no\/en\/?s={search_term_string}\"},\"query-input\":{\"@type\":\"PropertyValueSpecification\",\"valueRequired\":true,\"valueName\":\"search_term_string\"}}],\"inLanguage\":\"en-US\"},{\"@type\":\"Organization\",\"@id\":\"https:\/\/agatunet.no\/en\/#organization\",\"name\":\"Agatunet\",\"url\":\"https:\/\/agatunet.no\/en\/\",\"logo\":{\"@type\":\"ImageObject\",\"inLanguage\":\"en-US\",\"@id\":\"https:\/\/agatunet.no\/en\/#\/schema\/logo\/image\/\",\"url\":\"https:\/\/agatunet.no\/wp-content\/uploads\/2023\/07\/Agatunet-hovud.svg\",\"contentUrl\":\"https:\/\/agatunet.no\/wp-content\/uploads\/2023\/07\/Agatunet-hovud.svg\",\"width\":1,\"height\":1,\"caption\":\"Agatunet\"},\"image\":{\"@id\":\"https:\/\/agatunet.no\/en\/#\/schema\/logo\/image\/\"}}]}<\/script>\n<!-- \/ Yoast SEO plugin. -->","yoast_head_json":{"title":"Utstillingsopning og konsert - Agatunet","description":"Agatunet opnar for sesongen laurdag 9. mai kl 15, med kunstutstilling av Lars Korff Lofthus og konsert med folkemusikar Lajla Buer Storli.","robots":{"index":"index","follow":"follow","max-snippet":"max-snippet:-1","max-image-preview":"max-image-preview:large","max-video-preview":"max-video-preview:-1"},"canonical":"https:\/\/agatunet.no\/en\/program_\/utstillingsopning-og-konsert\/","og_locale":"en_US","og_type":"article","og_title":"Utstillingsopning og konsert - Agatunet","og_description":"Agatunet opnar for sesongen laurdag 9. mai kl 15, med kunstutstilling av Lars Korff Lofthus og konsert med folkemusikar Lajla Buer Storli.","og_url":"https:\/\/agatunet.no\/en\/program_\/utstillingsopning-og-konsert\/","og_site_name":"Agatunet","article_modified_time":"2026-04-24T11:33:59+00:00","og_image":[{"width":1065,"height":1600,"url":"https:\/\/agatunet.no\/wp-content\/uploads\/2026\/04\/lajla-3.jpg","type":"image\/jpeg"}],"twitter_card":"summary_large_image","twitter_misc":{"Est. reading time":"2 minutes"},"schema":{"@context":"https:\/\/schema.org","@graph":[{"@type":"WebPage","@id":"https:\/\/agatunet.no\/en\/program_\/utstillingsopning-og-konsert\/","url":"https:\/\/agatunet.no\/en\/program_\/utstillingsopning-og-konsert\/","name":"Utstillingsopning og konsert - Agatunet","isPartOf":{"@id":"https:\/\/agatunet.no\/en\/#website"},"primaryImageOfPage":{"@id":"https:\/\/agatunet.no\/en\/program_\/utstillingsopning-og-konsert\/#primaryimage"},"image":{"@id":"https:\/\/agatunet.no\/en\/program_\/utstillingsopning-og-konsert\/#primaryimage"},"thumbnailUrl":"https:\/\/agatunet.no\/wp-content\/uploads\/2026\/04\/lajla-3.jpg","datePublished":"2026-04-22T11:51:29+00:00","dateModified":"2026-04-24T11:33:59+00:00","description":"Agatunet opnar for sesongen laurdag 9. mai kl 15, med kunstutstilling av Lars Korff Lofthus og konsert med folkemusikar Lajla Buer Storli.","breadcrumb":{"@id":"https:\/\/agatunet.no\/en\/program_\/utstillingsopning-og-konsert\/#breadcrumb"},"inLanguage":"en-US","potentialAction":[{"@type":"ReadAction","target":["https:\/\/agatunet.no\/en\/program_\/utstillingsopning-og-konsert\/"]}]},{"@type":"ImageObject","inLanguage":"en-US","@id":"https:\/\/agatunet.no\/en\/program_\/utstillingsopning-og-konsert\/#primaryimage","url":"https:\/\/agatunet.no\/wp-content\/uploads\/2026\/04\/lajla-3.jpg","contentUrl":"https:\/\/agatunet.no\/wp-content\/uploads\/2026\/04\/lajla-3.jpg","width":1065,"height":1600,"caption":"lajla Buer Storli med fela over skuldra."},{"@type":"BreadcrumbList","@id":"https:\/\/agatunet.no\/en\/program_\/utstillingsopning-og-konsert\/#breadcrumb","itemListElement":[{"@type":"ListItem","position":1,"name":"Hjem","item":"https:\/\/agatunet.no\/en\/"},{"@type":"ListItem","position":2,"name":"Program","item":"https:\/\/agatunet.no\/en\/program_\/"},{"@type":"ListItem","position":3,"name":"Utstillingsopning og konsert"}]},{"@type":"WebSite","@id":"https:\/\/agatunet.no\/en\/#website","url":"https:\/\/agatunet.no\/en\/","name":"Agatunet","description":"Ein del av Hardanger og Voss museum","publisher":{"@id":"https:\/\/agatunet.no\/en\/#organization"},"potentialAction":[{"@type":"SearchAction","target":{"@type":"EntryPoint","urlTemplate":"https:\/\/agatunet.no\/en\/?s={search_term_string}"},"query-input":{"@type":"PropertyValueSpecification","valueRequired":true,"valueName":"search_term_string"}}],"inLanguage":"en-US"},{"@type":"Organization","@id":"https:\/\/agatunet.no\/en\/#organization","name":"Agatunet","url":"https:\/\/agatunet.no\/en\/","logo":{"@type":"ImageObject","inLanguage":"en-US","@id":"https:\/\/agatunet.no\/en\/#\/schema\/logo\/image\/","url":"https:\/\/agatunet.no\/wp-content\/uploads\/2023\/07\/Agatunet-hovud.svg","contentUrl":"https:\/\/agatunet.no\/wp-content\/uploads\/2023\/07\/Agatunet-hovud.svg","width":1,"height":1,"caption":"Agatunet"},"image":{"@id":"https:\/\/agatunet.no\/en\/#\/schema\/logo\/image\/"}}]}},"_links":{"self":[{"href":"https:\/\/agatunet.no\/en\/wp-json\/wp\/v2\/ajde_events\/218755","targetHints":{"allow":["GET"]}}],"collection":[{"href":"https:\/\/agatunet.no\/en\/wp-json\/wp\/v2\/ajde_events"}],"about":[{"href":"https:\/\/agatunet.no\/en\/wp-json\/wp\/v2\/types\/ajde_events"}],"author":[{"embeddable":true,"href":"https:\/\/agatunet.no\/en\/wp-json\/wp\/v2\/users\/10"}],"replies":[{"embeddable":true,"href":"https:\/\/agatunet.no\/en\/wp-json\/wp\/v2\/comments?post=218755"}],"wp:featuredmedia":[{"embeddable":true,"href":"https:\/\/agatunet.no\/en\/wp-json\/wp\/v2\/media\/218758"}],"wp:attachment":[{"href":"https:\/\/agatunet.no\/en\/wp-json\/wp\/v2\/media?parent=218755"}],"wp:term":[{"taxonomy":"post_tag","embeddable":true,"href":"https:\/\/agatunet.no\/en\/wp-json\/wp\/v2\/tags?post=218755"},{"taxonomy":"event_type","embeddable":true,"href":"https:\/\/agatunet.no\/en\/wp-json\/wp\/v2\/event_type?post=218755"},{"taxonomy":"event_type_2","embeddable":true,"href":"https:\/\/agatunet.no\/en\/wp-json\/wp\/v2\/event_type_2?post=218755"}],"curies":[{"name":"wp","href":"https:\/\/api.w.org\/{rel}","templated":true}]}}

<h1>Lars Korff Lofthus og Lajla Buer Storli</h1>
<p>Agatunet opnar for sesongen laurdag 9. mai kl 15.00 med ny kunstutstilling av Lars Korff Lofthus og konsert med Lajla Buer Storli. Programmet startar med opning i Asbjørnsløa og held fram med konsert i Lagmannsstova. Lajla held opningstale.</p>
<h3>Utstillinga</h3>
<p>I Lars Korff Lofthus (f. 1978) sine maleri møtast ulike miljø: hardangerstover med framskap og bondesenger, kraftige mannekroppar og store landskap – alt måla med eit personleg og karakteristisk blikk. Tidlegare måla han vestlandslandskapet – ikkje det nasjonalromantiske, men det vestlandske slik mange kjenner det i dag: gjennomskåre av tunnellar, prega av brøytestikker og moderne infrastruktur. Etterkvart har Lofthus vendt blikket innover, mot kulturarven frå Hardanger, og sitt eige skeive tilvere.</p>
<h3>Konserten</h3>
<p>Lajla Storli vaks opp i Kvalvik i Hardanger, men bur no i Revetal i Vestfold. Ho har spelt hardingfele sidan ho var lita jente, og formidlar hovudsakleg slåttar frå Hardanger. Lajla er også folkesongar, og legg stor vekt på songarven heimanfrå. Fleire av desse songane og slåttane bruka ho då ho jobba i Agatunet som guide, og ho syns det alltid er noko eige å formidla desse tonane i tunet som ligg hjarta hennar nært. Musikken høyrer liksom heime der mellom hus og levde liv, seier ho. Tonar som har vore med folket før og no, til trøyst og til glede. Konserten vert eit nært møte med strenger og stemme.</p>
<h3>Tunet</h3>
<p>Agatunet held ope frå kl 11 denne dagen. Kafeen er også ope.</p>
